3*l = 0. Suppose l = -0*b + b - 36. What are the prime factors of (8/24)/(2/b)?
2, 3
Suppose 0 = 3*f - 5*f. Let j = f - 0. List the prime factors of 5*(1 - j) - 1.
2
Let t(s) = s**2 - 10*s + 6. Let r be t(9). Let x(p) = 2*p + 3*p**2 - p**3 + 3 - 5*p + 2*p**3. What are the prime factors of x(r)?
2, 3
Let i = 21 + -3. Let l = 36 - 33. Suppose 0 = -l*m - i + 51. What are the prime factors of m?
11
Let o(f) = f**3 + f. Let w be o(-1). Let r be 6/(-9) + w/6. Let t = r + 4. List the prime factors of t.
3
Let v(w) = w + 19. What are the prime factors of v(-6)?
13
Let s be -2*((-3)/6 + -2). Suppose s*r + 12 = 4*q, 0*q - 6 = -2*q - r. Let u(y) = -y**3 + 2*y**2 + 4*y. List the prime factors of u(q).
3
Let t(h) = -h**2 - 7*h - 1. Let a be t(-6). Suppose -a*o - 6 + 26 = 0. Suppose 15 = o*q - 17. What are the prime factors of q?
2
Suppose -5*m = -25, 65 = -2*o - 2*m + 3*m. Let d = o + 46. List the prime factors of d.
2
Let t(s) = 49*s**2 - 3*s - 2. List the prime factors of t(-1).
2, 5
Suppose 2*i = 6, 4*x = 7*i - 2*i + 565. List the prime factors of x.
5, 29
Let l(j) = -4*j - 1. What are the prime factors of l(-5)?
19
Let f(p) = p**3 - 3*p**2 + 3*p + 2. Let n be f(2). What are the prime factors of (n - 2)*(-10)/(-1)?
2, 5
Suppose 0 = -t - 4*i + 23, -3*i + 2*i = 2*t - 18. Let o(a) = 3*a - 7. List the prime factors of o(t).
2, 7
Let s(m) = 3*m**2 - m - 3. Let h(v) = -2*v - 5. Let b be h(-4). List the prime factors of s(b).
3, 7
Let u be 1 + (0 - 2 - -2). Let w = 5 + u. List the prime factors of w.
2, 3
Let b(q) = -10*q**2 + 16*q - 36. Let g(s) = 2*s**2 - 3*s + 7. Let k(p) = 2*b(p) + 11*g(p). List the prime factors of k(4).
3, 11
Let s be 4 + (-5 - -2) + 0. Let n be 4/(6/3) + s. Suppose n*i - j - 18 = 0, 0*i + 4*j = 3*i - 27. List the prime factors of i.
5
Let f be (1/1)/(3 - 2). What are the prime factors of ((-2)/(-4))/(f/18)?
3
Let a = -52 - -36. Let u = a + 35. List the prime factors of u.
19
Suppose a + 4*a = -3*l + 767, 0 = -2*a - 2*l + 306. What are the prime factors of a?
2, 7, 11
Suppose 191 + 17 = 4*y. List the prime factors of y.
2, 13
Let d = -19 + 8. Let c = d + 41. What are the prime factors of c?
2, 3, 5
Let y(s) = s**3 + 10*s**2 + 9*s + 9. Let i(n) = -3*n - 4. Let k be i(-3). Suppose -4*v + 8*v = 5*z + 37, 3*z - k*v = -17. List the prime factors of y(z).
3
Suppose 13 = -4*b + 5*q + 39, q + 43 = 5*b. Let i be (27/(-3))/3 + b. Suppose 5*t = 21 - i. What are the prime factors of t?
3
Let u(q) = -3*q + 2. Let h be u(-2). Suppose 0 = 3*l + o - 4*o - 36, 5*o = l - h. List the prime factors of l.
13
Let d = -57 - -323. List the prime factors of d.
2, 7, 19
Let d(b) = 2*b + b**2 + 0*b + 1 - 8 + 3. What are the prime factors of d(-7)?
31
Let a be (-4)/6 + (-35)/(-3). Suppose k + 3*t - a = 0, -4*k - 5 = 4*t - 33. List the prime factors of k.
5
Let n = 6 - 6. Suppose 7*v - 4*v - 57 = n. What are the prime factors of v?
19
Let x = 11 + -8. Suppose 5*g - 3*j - 4 = 0, -16 = -3*g - 0*g - 5*j. Suppose -x*a - g = -50. List the prime factors of a.
2
Let j(u) = -2 + 2 + u - 4. Let x be j(5). Suppose -o - 4*w + 19 = 0, 43 = 5*o + 3*w - x. What are the prime factors of o?
7
Let s(h) = -2*h**2 + 0 + 2*h + 0. Let t be s(2). Let v = t + 14. What are the prime factors of v?
2, 5
What are the prime factors of 228/(-9)*(1 - 4/1)?
2, 19
Suppose -2322 = -75*n + 69*n. What are the prime factors of n?
3, 43
Suppose b = 6 - 3. Suppose -4*p + b*t = -15, -2*t = 5*p - 4*p - 1. List the prime factors of p.
3
Let y = 293 - 157. List the prime factors of y.
2, 17
Let o(d) = 8*d - 8. Suppose 2*s - 13 = 2*v - 3*s, 43 = 3*v + 5*s. List the prime factors of o(v).
2, 5
Suppose -a - 2*a = u - 78, 0 = -4*u + 2*a + 284. What are the prime factors of u?
2, 3
List the prime factors of (2 - 8) + 3830/10.
13, 29
Suppose 7*y - 2*y = 25. Suppose -3*a - 49 = -c, 148 = -c + y*c + 4*a. List the prime factors of c.
2, 5
Let j = 14 + -11. Let v = j - -22. What are the prime factors of v?
5
What are the prime factors of (-12)/2 + 2 - -13?
3
Let q = 156 + -103. What are the prime factors of q?
53
Let d = 47 + -18. List the prime factors of d.
29
Suppose 0*q + z + 18 = 4*q, 0 = 3*z - 6. List the prime factors of q.
5
Suppose 3*s + 2 = 17. Suppose -2*z + 27 = s. Let p = z + 0. List the prime factors of p.
11
Let a(x) = x**3 - 9*x**2 + 8*x + 2. What are the prime factors of a(8)?
2
Let o(t) = -t**3 - 5*t**2 - 5*t - 1. Let d(r) = 2*r + 4. Let j be d(-4). List the prime factors of o(j).
3
What are the prime factors of 144/7 + (-32)/56?
2, 5
Let q(g) = -14*g + 1. Let p(n) be the first derivative of n**3/3 - 2*n**2 + 3*n - 2. Let a be p(2). List the prime factors of q(a).
3, 5
Suppose 2*f + 4*s - 212 = -0*f, 2*s - 8 = 0. What are the prime factors of f?
2, 7
Suppose 21 = y + 2*p - 17, 3*p = 3*y - 150. List the prime factors of y.
2, 23
Suppose p - 636 = -5*m - 3*p, -4*m + 4*p = -516. List the prime factors of m.
2
Suppose -5*i = 4*j - 218, -j + 2*j + 2*i - 56 = 0. Suppose -5*x - 23 = j. List the prime factors of (-66)/x*(-5)/(-2).
11
Suppose 4*r - 2*r - 10 = 0. Suppose r*l - 9 = 2*l. Suppose -6 = -2*z - l*u + 24, 0 = -5*u. List the prime factors of z.
3, 5
Suppose -4*b = 2*h + b - 104, 5*b + 22 = h. What are the prime factors of h?
2, 3, 7
Let h(b) = b**3 - 5*b**2 + b - 5. Let p be h(5). Suppose p = 3*c - 8*c + 80. List the prime factors of c.
2
Suppose 54 = -5*s - 91. Let f = 42 + s. List the prime factors of f.
13
List the prime factors of (-351)/9*(-8)/3.
2, 13
What are the prime factors of 21/(-56) + 8876/32?
277
Let s(l) = -13*l + 16. Let n(z) = -3*z + 4. Let d(k) = -9*n(k) + 2*s(k). Let u be (-28)/(-3) - 2/6. List the prime factors of d(u).
5
Suppose -2*w = 5*j + 3*w - 40, 0 = -5*j + 2*w + 26. Let y(b) = 2*b**2 - 9*b. What are the prime factors of y(j)?
2, 3
Let z = -9 + 30. What are the prime factors of z?
3, 7
Let s(i) = i**3 + 9*i**2 - 2*i + 2. List the prime factors of s(-6).
2, 61
Suppose -c + 221 = 2*c - y, -4*c + 294 = -2*y. List the prime factors of c.
2, 37
Let b(o) = o - 2. Let t be b(5). Suppose t*v = 13 - 4. List the prime factors of v.
3
Suppose 0 = m + m + 2*y - 36, -2*m = 3*y - 39. What are the prime factors of m?
3, 5
Let i(h) = -3*h. Let j be i(2). Let g be (-2 - 0)*j/4. What are the prime factors of g/(-2)*(-24)/9?
2
Suppose -p + 2*w + 84 = 0, -3*p + 8*p - 378 = -4*w. List the prime factors of p.
2, 3, 13
Suppose -2*b - 28 = -2*a, 0*a + b + 28 = 2*a. Suppose 5*o = a + 6. Suppose -6*s + o*s + 26 = 0. List the prime factors of s.
13
Suppose -20*l + 24*l - 176 = 0. List the prime factors of l.
2, 11
List the prime factors of -174*(-9)/16 - (-2)/16.
2, 7
Let l = 4 + -4. Let h(x) = 12 + 4*x**2 - 4*x + 4*x + x - 5*x**2. List the prime factors of h(l).
2, 3
Suppose 14 = 7*z - 5*z. Suppose z*i = 12*i - 100. List the prime factors of i.
2, 5
List the prime factors of 312/(-3)*(-1 + -1 - -1).
2, 13
Suppose x = 5*q - 1, 4*x - 18 = -4*q + 26. Let v = 27 - x. List the prime factors of v.
2, 3
Let l be ((-146)/(-4))/((-8)/(-16)). Let b = l - 50. Suppose -5*i + b = -37. What are the prime factors of i?
2, 3
Let o(f) = 6*f + 5. Let y(j) = 12*j + 11. Let b(l) = 3*l - 8. Let p be b(7). Let h(c) = p*o(c) - 6*y(c). List the prime factors of h(1).
5
Let g(m) be the third derivative of -2*m**2 - 1/24*m**4 + 0*m**3 + 0*m + 0. What are the prime factors of g(-2)?
2
Let z(h) = -5*h + 15. What are the prime factors of z(-8)?
5, 11
Let l be ((-10)/(-8))/(2/8). Suppose -3*k + 69 = -2*m + l*m, -k = 4*m - 101. List the prime factors of m.
2, 13
List the prime factors of (-3)/(-1*3/117).
3, 13
Suppose s = 65 + 19. List the prime factors of s.
2, 3, 7
List the prime factors of ((-77)/28)/((-6)/(-8))*-33.
11
Let l be (-2 - -2 - -3)*1. Suppose -5*g = l*t - 8, -3*g - g = t + 2. What are the prime factors of t?
2, 3
Suppose 0 = -r - 2*l - 4, -3*l = -1 + 7. Suppose r = s - 6*s + 75. List the prime factors of s.
3, 5
Let f = 3 - 4. Let l = 2 + f. What are the prime factors of 21/(-7) + l*5?
2
Let w(k) = 3 + 4 - k - 10. List the prime factors of w(-14).
11
Suppose 24*g + 591 = 27*g. What are the prime factors of g?
197
Let l(z) = 11*z + 9. Let m be l(-9). Let y be (2 - 21) + (-2 - -3). What are the prime factors of 12/y*m/4?
3, 5
Let b(t) = -t**3 + 9*t**2 - 4*t - 6. Let p(k) = -2*k - 16. Let m be p(-12). List the pri